{"id":131944,"date":"2024-11-20T15:59:49","date_gmt":"2024-11-20T14:59:49","guid":{"rendered":"https:\/\/www.horendgoed.nl\/shop\/unkategorisiert\/signia-styletto-connect-charger-ladegeraet-fuer-hoergeraete\/"},"modified":"2024-11-20T15:59:49","modified_gmt":"2024-11-20T14:59:49","slug":"signia-styletto-connect-charger-ladegeraet-fuer-hoergeraete","status":"publish","type":"product","link":"https:\/\/www.horendgoed.nl\/de\/shop\/akkus-und-ladegerate\/horgerate-ladegerate\/signia-styletto-connect-charger-ladegeraet-fuer-hoergeraete\/","title":{"rendered":"Signia Styletto connect Charger - Ladeger\u00e4t f\u00fcr H\u00f6rger\u00e4te"},"content":{"rendered":"<p>Aufladen war noch nie so einfach wie mit dem Signia Styletto AX Ladeger\u00e4t. Diese innovative Ladel\u00f6sung kombiniert Stil und Funktionalit\u00e4t f\u00fcr ein m\u00fcheloses Erlebnis mit Ihren Signia Styletto AX H\u00f6rger\u00e4ten. Schnelles und effizientes Laden Dank des Signia Styletto AX Ladeger\u00e4ts m\u00fcssen Sie Ihre H\u00f6rger\u00e4te nie wieder mit neuen Batterien aufladen. Legen Sie sie einfach in das Ladeger\u00e4t und sie sind im Handumdrehen wieder einsatzbereit. Stilvolles Design Dieses Ladeger\u00e4t ist nicht nur praktisch, sondern auch stilvoll gestaltet. Sein schlankes und modernes Design passt perfekt zu Ihrem modernen Lebensstil. Egal, ob Sie es auf Ihrem Nachttisch oder Ihrem Schreibtisch platzieren, es wird Ihrer Umgebung einen Hauch von Eleganz verleihen. Perfekte Kompatibilit\u00e4t Das Signia Styletto AX Ladeger\u00e4t wurde speziell f\u00fcr die nahtlose Zusammenarbeit mit Ihren Signia Styletto AX H\u00f6rger\u00e4ten entwickelt. Verlassen Sie sich auf eine perfekte Abstimmung f\u00fcr optimale Leistung. <\/p>\n<p>REF 10965220<\/p>\n","protected":false},"excerpt":{"rendered":"<p>Aufladen war noch nie so einfach wie mit dem Signia Styletto AX Ladeger\u00e4t. Diese innovative Ladel\u00f6sung kombiniert Stil und Funktionalit\u00e4t f\u00fcr ein m\u00fcheloses Erlebnis mit Ihren Signia Styletto AX H\u00f6rger\u00e4ten. Schnelles und effizientes Laden Dank des Signia Styletto AX Ladeger\u00e4ts m\u00fcssen Sie Ihre H\u00f6rger\u00e4te nie wieder mit neuen Batterien aufladen. Legen Sie sie einfach in &hellip; <\/p>\n","protected":false},"featured_media":0,"template":"","meta":{"_acf_changed":false},"product_brand":[],"product_cat":[4841],"product_tag":[],"class_list":["post-131944","product","type-product","status-publish","product_cat-horgerate-ladegerate","grid-sizer","latest_post","first","outofstock","taxable","shipping-taxable","purchasable","product-type-simple"],"acf":[],"yoast_head":"<!-- This site is optimized with the Yoast SEO Premium plugin v27.4 (Yoast SEO v28.3) - https:\/\/yoast.com\/product\/yoast-seo-premium-wordpress\/ -->\n<title>Signia Styletto connect Charger - Ladeger\u00e4t f\u00fcr H\u00f6rger\u00e4te | Horend Goed Audiciens<\/title>\n<meta name=\"robots\" content=\"index, follow, max-snippet:-1, max-image-preview:large, max-video-preview:-1\" \/>\n<link rel=\"canonical\" href=\"https:\/\/www.horendgoed.nl\/de\/shop\/akkus-und-ladegerate\/horgerate-ladegerate\/signia-styletto-connect-charger-ladegeraet-fuer-hoergeraete\/\" \/>\n<meta property=\"og:locale\" content=\"de_DE\" \/>\n<meta property=\"og:type\" content=\"article\" \/>\n<meta property=\"og:title\" content=\"Signia Styletto connect Charger - Ladeger\u00e4t f\u00fcr H\u00f6rger\u00e4te\" \/>\n<meta property=\"og:description\" content=\"Aufladen war noch nie so einfach wie mit dem Signia Styletto AX Ladeger\u00e4t. Diese innovative Ladel\u00f6sung kombiniert Stil und Funktionalit\u00e4t f\u00fcr ein m\u00fcheloses Erlebnis mit Ihren Signia Styletto AX H\u00f6rger\u00e4ten. Schnelles und effizientes Laden Dank des Signia Styletto AX Ladeger\u00e4ts m\u00fcssen Sie Ihre H\u00f6rger\u00e4te nie wieder mit neuen Batterien aufladen. Legen Sie sie einfach in &hellip;\" \/>\n<meta property=\"og:url\" content=\"https:\/\/www.horendgoed.nl\/de\/shop\/akkus-und-ladegerate\/horgerate-ladegerate\/signia-styletto-connect-charger-ladegeraet-fuer-hoergeraete\/\" \/>\n<meta property=\"og:site_name\" content=\"Horend Goed Audiciens\" \/>\n<meta property=\"article:publisher\" content=\"https:\/\/www.facebook.com\/horendgoed\" \/>\n<meta property=\"og:image\" content=\"https:\/\/www.horendgoed.nl\/wp-content\/uploads\/2023\/10\/Horend-Goed-Yoast.jpg\" \/>\n\t<meta property=\"og:image:width\" content=\"1200\" \/>\n\t<meta property=\"og:image:height\" content=\"675\" \/>\n\t<meta property=\"og:image:type\" content=\"image\/jpeg\" \/>\n<script type=\"application\/ld+json\" class=\"yoast-schema-graph\">{\"@context\":\"https:\\\/\\\/schema.org\",\"@graph\":[{\"@type\":\"WebPage\",\"@id\":\"https:\\\/\\\/www.horendgoed.nl\\\/de\\\/shop\\\/akkus-und-ladegerate\\\/horgerate-ladegerate\\\/signia-styletto-connect-charger-ladegeraet-fuer-hoergeraete\\\/\",\"url\":\"https:\\\/\\\/www.horendgoed.nl\\\/de\\\/shop\\\/akkus-und-ladegerate\\\/horgerate-ladegerate\\\/signia-styletto-connect-charger-ladegeraet-fuer-hoergeraete\\\/\",\"name\":\"Signia Styletto connect Charger - Ladeger\u00e4t f\u00fcr H\u00f6rger\u00e4te | Horend Goed Audiciens\",\"isPartOf\":{\"@id\":\"https:\\\/\\\/www.horendgoed.nl\\\/de\\\/#website\"},\"datePublished\":\"2024-11-20T14:59:49+00:00\",\"breadcrumb\":{\"@id\":\"https:\\\/\\\/www.horendgoed.nl\\\/de\\\/shop\\\/akkus-und-ladegerate\\\/horgerate-ladegerate\\\/signia-styletto-connect-charger-ladegeraet-fuer-hoergeraete\\\/#breadcrumb\"},\"inLanguage\":\"de\",\"potentialAction\":[{\"@type\":\"ReadAction\",\"target\":[\"https:\\\/\\\/www.horendgoed.nl\\\/de\\\/shop\\\/akkus-und-ladegerate\\\/horgerate-ladegerate\\\/signia-styletto-connect-charger-ladegeraet-fuer-hoergeraete\\\/\"]}]},{\"@type\":\"BreadcrumbList\",\"@id\":\"https:\\\/\\\/www.horendgoed.nl\\\/de\\\/shop\\\/akkus-und-ladegerate\\\/horgerate-ladegerate\\\/signia-styletto-connect-charger-ladegeraet-fuer-hoergeraete\\\/#breadcrumb\",\"itemListElement\":[{\"@type\":\"ListItem\",\"position\":1,\"name\":\"Startseite\",\"item\":\"https:\\\/\\\/www.horendgoed.nl\\\/de\\\/\"},{\"@type\":\"ListItem\",\"position\":2,\"name\":\"Produkte\",\"item\":\"https:\\\/\\\/www.horendgoed.nl\\\/de\\\/shop-2\\\/produkte\\\/\"},{\"@type\":\"ListItem\",\"position\":3,\"name\":\"Signia Styletto connect Charger - Ladeger\u00e4t f\u00fcr H\u00f6rger\u00e4te\"}]},{\"@type\":\"WebSite\",\"@id\":\"https:\\\/\\\/www.horendgoed.nl\\\/de\\\/#website\",\"url\":\"https:\\\/\\\/www.horendgoed.nl\\\/de\\\/\",\"name\":\"Horend Goed Audiciens\",\"description\":\"Luistert Beter\",\"publisher\":{\"@id\":\"https:\\\/\\\/www.horendgoed.nl\\\/de\\\/#organization\"},\"potentialAction\":[{\"@type\":\"SearchAction\",\"target\":{\"@type\":\"EntryPoint\",\"urlTemplate\":\"https:\\\/\\\/www.horendgoed.nl\\\/de\\\/?s={search_term_string}\"},\"query-input\":{\"@type\":\"PropertyValueSpecification\",\"valueRequired\":true,\"valueName\":\"search_term_string\"}}],\"inLanguage\":\"de\"},{\"@type\":\"Organization\",\"@id\":\"https:\\\/\\\/www.horendgoed.nl\\\/de\\\/#organization\",\"name\":\"Horend Goed\",\"url\":\"https:\\\/\\\/www.horendgoed.nl\\\/de\\\/\",\"logo\":{\"@type\":\"ImageObject\",\"inLanguage\":\"de\",\"@id\":\"https:\\\/\\\/www.horendgoed.nl\\\/de\\\/#\\\/schema\\\/logo\\\/image\\\/\",\"url\":\"https:\\\/\\\/www.horendgoed.nl\\\/wp-content\\\/uploads\\\/2021\\\/05\\\/Logo-groot-e1621862526979.png\",\"contentUrl\":\"https:\\\/\\\/www.horendgoed.nl\\\/wp-content\\\/uploads\\\/2021\\\/05\\\/Logo-groot-e1621862526979.png\",\"width\":509,\"height\":100,\"caption\":\"Horend Goed\"},\"image\":{\"@id\":\"https:\\\/\\\/www.horendgoed.nl\\\/de\\\/#\\\/schema\\\/logo\\\/image\\\/\"},\"sameAs\":[\"https:\\\/\\\/www.facebook.com\\\/horendgoed\",\"https:\\\/\\\/www.instagram.com\\\/horendgoed\\\/\",\"https:\\\/\\\/www.linkedin.com\\\/company\\\/horend-goed\\\/\",\"https:\\\/\\\/www.youtube.com\\\/@horendgoed\"],\"email\":\"info@horendgoed.nl\",\"telephone\":\"075 20 25 203\",\"vatID\":\"NL 853 756 193 B01\"}]}<\/script>\n<!-- \/ Yoast SEO Premium plugin. -->","yoast_head_json":{"title":"Signia Styletto connect Charger - Ladeger\u00e4t f\u00fcr H\u00f6rger\u00e4te | Horend Goed Audiciens","robots":{"index":"index","follow":"follow","max-snippet":"max-snippet:-1","max-image-preview":"max-image-preview:large","max-video-preview":"max-video-preview:-1"},"canonical":"https:\/\/www.horendgoed.nl\/de\/shop\/akkus-und-ladegerate\/horgerate-ladegerate\/signia-styletto-connect-charger-ladegeraet-fuer-hoergeraete\/","og_locale":"de_DE","og_type":"article","og_title":"Signia Styletto connect Charger - Ladeger\u00e4t f\u00fcr H\u00f6rger\u00e4te","og_description":"Aufladen war noch nie so einfach wie mit dem Signia Styletto AX Ladeger\u00e4t. Diese innovative Ladel\u00f6sung kombiniert Stil und Funktionalit\u00e4t f\u00fcr ein m\u00fcheloses Erlebnis mit Ihren Signia Styletto AX H\u00f6rger\u00e4ten. Schnelles und effizientes Laden Dank des Signia Styletto AX Ladeger\u00e4ts m\u00fcssen Sie Ihre H\u00f6rger\u00e4te nie wieder mit neuen Batterien aufladen. Legen Sie sie einfach in &hellip;","og_url":"https:\/\/www.horendgoed.nl\/de\/shop\/akkus-und-ladegerate\/horgerate-ladegerate\/signia-styletto-connect-charger-ladegeraet-fuer-hoergeraete\/","og_site_name":"Horend Goed Audiciens","article_publisher":"https:\/\/www.facebook.com\/horendgoed","og_image":[{"width":1200,"height":675,"url":"https:\/\/www.horendgoed.nl\/wp-content\/uploads\/2023\/10\/Horend-Goed-Yoast.jpg","type":"image\/jpeg"}],"schema":{"@context":"https:\/\/schema.org","@graph":[{"@type":"WebPage","@id":"https:\/\/www.horendgoed.nl\/de\/shop\/akkus-und-ladegerate\/horgerate-ladegerate\/signia-styletto-connect-charger-ladegeraet-fuer-hoergeraete\/","url":"https:\/\/www.horendgoed.nl\/de\/shop\/akkus-und-ladegerate\/horgerate-ladegerate\/signia-styletto-connect-charger-ladegeraet-fuer-hoergeraete\/","name":"Signia Styletto connect Charger - Ladeger\u00e4t f\u00fcr H\u00f6rger\u00e4te | Horend Goed Audiciens","isPartOf":{"@id":"https:\/\/www.horendgoed.nl\/de\/#website"},"datePublished":"2024-11-20T14:59:49+00:00","breadcrumb":{"@id":"https:\/\/www.horendgoed.nl\/de\/shop\/akkus-und-ladegerate\/horgerate-ladegerate\/signia-styletto-connect-charger-ladegeraet-fuer-hoergeraete\/#breadcrumb"},"inLanguage":"de","potentialAction":[{"@type":"ReadAction","target":["https:\/\/www.horendgoed.nl\/de\/shop\/akkus-und-ladegerate\/horgerate-ladegerate\/signia-styletto-connect-charger-ladegeraet-fuer-hoergeraete\/"]}]},{"@type":"BreadcrumbList","@id":"https:\/\/www.horendgoed.nl\/de\/shop\/akkus-und-ladegerate\/horgerate-ladegerate\/signia-styletto-connect-charger-ladegeraet-fuer-hoergeraete\/#breadcrumb","itemListElement":[{"@type":"ListItem","position":1,"name":"Startseite","item":"https:\/\/www.horendgoed.nl\/de\/"},{"@type":"ListItem","position":2,"name":"Produkte","item":"https:\/\/www.horendgoed.nl\/de\/shop-2\/produkte\/"},{"@type":"ListItem","position":3,"name":"Signia Styletto connect Charger - Ladeger\u00e4t f\u00fcr H\u00f6rger\u00e4te"}]},{"@type":"WebSite","@id":"https:\/\/www.horendgoed.nl\/de\/#website","url":"https:\/\/www.horendgoed.nl\/de\/","name":"Horend Goed Audiciens","description":"Luistert Beter","publisher":{"@id":"https:\/\/www.horendgoed.nl\/de\/#organization"},"potentialAction":[{"@type":"SearchAction","target":{"@type":"EntryPoint","urlTemplate":"https:\/\/www.horendgoed.nl\/de\/?s={search_term_string}"},"query-input":{"@type":"PropertyValueSpecification","valueRequired":true,"valueName":"search_term_string"}}],"inLanguage":"de"},{"@type":"Organization","@id":"https:\/\/www.horendgoed.nl\/de\/#organization","name":"Horend Goed","url":"https:\/\/www.horendgoed.nl\/de\/","logo":{"@type":"ImageObject","inLanguage":"de","@id":"https:\/\/www.horendgoed.nl\/de\/#\/schema\/logo\/image\/","url":"https:\/\/www.horendgoed.nl\/wp-content\/uploads\/2021\/05\/Logo-groot-e1621862526979.png","contentUrl":"https:\/\/www.horendgoed.nl\/wp-content\/uploads\/2021\/05\/Logo-groot-e1621862526979.png","width":509,"height":100,"caption":"Horend Goed"},"image":{"@id":"https:\/\/www.horendgoed.nl\/de\/#\/schema\/logo\/image\/"},"sameAs":["https:\/\/www.facebook.com\/horendgoed","https:\/\/www.instagram.com\/horendgoed\/","https:\/\/www.linkedin.com\/company\/horend-goed\/","https:\/\/www.youtube.com\/@horendgoed"],"email":"info@horendgoed.nl","telephone":"075 20 25 203","vatID":"NL 853 756 193 B01"}]}},"jetpack_sharing_enabled":true,"_links":{"self":[{"href":"https:\/\/www.horendgoed.nl\/de\/wp-json\/wp\/v2\/product\/131944","targetHints":{"allow":["GET"]}}],"collection":[{"href":"https:\/\/www.horendgoed.nl\/de\/wp-json\/wp\/v2\/product"}],"about":[{"href":"https:\/\/www.horendgoed.nl\/de\/wp-json\/wp\/v2\/types\/product"}],"wp:attachment":[{"href":"https:\/\/www.horendgoed.nl\/de\/wp-json\/wp\/v2\/media?parent=131944"}],"wp:term":[{"taxonomy":"product_brand","embeddable":true,"href":"https:\/\/www.horendgoed.nl\/de\/wp-json\/wp\/v2\/product_brand?post=131944"},{"taxonomy":"product_cat","embeddable":true,"href":"https:\/\/www.horendgoed.nl\/de\/wp-json\/wp\/v2\/product_cat?post=131944"},{"taxonomy":"product_tag","embeddable":true,"href":"https:\/\/www.horendgoed.nl\/de\/wp-json\/wp\/v2\/product_tag?post=131944"}],"curies":[{"name":"wp","href":"https:\/\/api.w.org\/{rel}","templated":true}]}}

Signia Styletto connect Charger - Ladegerät für Hörgeräte

<p>Aufladen war noch nie so einfach wie mit dem Signia Styletto AX Ladegerät. Diese innovative Ladelösung kombiniert Stil und Funktionalität für ein müheloses Erlebnis mit Ihren Signia Styletto AX Hörgeräten. Schnelles und effizientes Laden Dank des Signia Styletto AX Ladegeräts müssen Sie Ihre Hörgeräte nie wieder mit neuen Batterien aufladen. Legen Sie sie einfach in das Ladegerät und sie sind im Handumdrehen wieder einsatzbereit. Stilvolles Design Dieses Ladegerät ist nicht nur praktisch, sondern auch stilvoll gestaltet. Sein schlankes und modernes Design passt perfekt zu Ihrem modernen Lebensstil. Egal, ob Sie es auf Ihrem Nachttisch oder Ihrem Schreibtisch platzieren, es wird Ihrer Umgebung einen Hauch von Eleganz verleihen. Perfekte Kompatibilität Das Signia Styletto AX Ladegerät wurde speziell für die nahtlose Zusammenarbeit mit Ihren Signia Styletto AX Hörgeräten entwickelt. Verlassen Sie sich auf eine perfekte Abstimmung für optimale Leistung. </p>
<p>REF 10965220</p>

<p>Aufladen war noch nie so einfach wie mit dem Signia Styletto AX Ladegerät. Diese innovative Ladelösung kombiniert Stil und Funktionalität für ein müheloses Erlebnis mit Ihren Signia Styletto AX Hörgeräten. Schnelles und effizientes Laden Dank des Signia Styletto AX Ladegeräts müssen Sie Ihre Hörgeräte nie wieder mit neuen Batterien aufladen. Legen Sie sie einfach in &hellip; </p>

<!-- This site is optimized with the Yoast SEO Premium plugin v27.4 (Yoast SEO v28.3) - https://yoast.com/product/yoast-seo-premium-wordpress/ -->
<title>Signia Styletto connect Charger - Ladegerät für Hörgeräte | Horend Goed Audiciens</title>
<meta name="robots" content="index, follow, max-snippet:-1, max-image-preview:large, max-video-preview:-1" />
<link rel="canonical" href="https://www.horendgoed.nl/de/shop/akkus-und-ladegerate/horgerate-ladegerate/signia-styletto-connect-charger-ladegeraet-fuer-hoergeraete/" />
<meta property="og:locale" content="de_DE" />
<meta property="og:type" content="article" />
<meta property="og:title" content="Signia Styletto connect Charger - Ladegerät für Hörgeräte" />
<meta property="og:description" content="Aufladen war noch nie so einfach wie mit dem Signia Styletto AX Ladegerät. Diese innovative Ladelösung kombiniert Stil und Funktionalität für ein müheloses Erlebnis mit Ihren Signia Styletto AX Hörgeräten. Schnelles und effizientes Laden Dank des Signia Styletto AX Ladegeräts müssen Sie Ihre Hörgeräte nie wieder mit neuen Batterien aufladen. Legen Sie sie einfach in &hellip;" />
<meta property="og:url" content="https://www.horendgoed.nl/de/shop/akkus-und-ladegerate/horgerate-ladegerate/signia-styletto-connect-charger-ladegeraet-fuer-hoergeraete/" />
<meta property="og:site_name" content="Horend Goed Audiciens" />
<meta property="article:publisher" content="https://www.facebook.com/horendgoed" />
<meta property="og:image" content="https://www.horendgoed.nl/wp-content/uploads/2023/10/Horend-Goed-Yoast.jpg" />
	<meta property="og:image:width" content="1200" />
	<meta property="og:image:height" content="675" />
	<meta property="og:image:type" content="image/jpeg" />
<script type="application/ld+json" class="yoast-schema-graph">{"@context":"https:\/\/schema.org","@graph":[{"@type":"WebPage","@id":"https:\/\/www.horendgoed.nl\/de\/shop\/akkus-und-ladegerate\/horgerate-ladegerate\/signia-styletto-connect-charger-ladegeraet-fuer-hoergeraete\/","url":"https:\/\/www.horendgoed.nl\/de\/shop\/akkus-und-ladegerate\/horgerate-ladegerate\/signia-styletto-connect-charger-ladegeraet-fuer-hoergeraete\/","name":"Signia Styletto connect Charger - Ladegerät für Hörgeräte | Horend Goed Audiciens","isPartOf":{"@id":"https:\/\/www.horendgoed.nl\/de\/#website"},"datePublished":"2024-11-20T14:59:49+00:00","breadcrumb":{"@id":"https:\/\/www.horendgoed.nl\/de\/shop\/akkus-und-ladegerate\/horgerate-ladegerate\/signia-styletto-connect-charger-ladegeraet-fuer-hoergeraete\/#breadcrumb"},"inLanguage":"de","potentialAction":[{"@type":"ReadAction","target":["https:\/\/www.horendgoed.nl\/de\/shop\/akkus-und-ladegerate\/horgerate-ladegerate\/signia-styletto-connect-charger-ladegeraet-fuer-hoergeraete\/"]}]},{"@type":"BreadcrumbList","@id":"https:\/\/www.horendgoed.nl\/de\/shop\/akkus-und-ladegerate\/horgerate-ladegerate\/signia-styletto-connect-charger-ladegeraet-fuer-hoergeraete\/#breadcrumb","itemListElement":[{"@type":"ListItem","position":1,"name":"Startseite","item":"https:\/\/www.horendgoed.nl\/de\/"},{"@type":"ListItem","position":2,"name":"Produkte","item":"https:\/\/www.horendgoed.nl\/de\/shop-2\/produkte\/"},{"@type":"ListItem","position":3,"name":"Signia Styletto connect Charger - Ladegerät für Hörgeräte"}]},{"@type":"WebSite","@id":"https:\/\/www.horendgoed.nl\/de\/#website","url":"https:\/\/www.horendgoed.nl\/de\/","name":"Horend Goed Audiciens","description":"Luistert Beter","publisher":{"@id":"https:\/\/www.horendgoed.nl\/de\/#organization"},"potentialAction":[{"@type":"SearchAction","target":{"@type":"EntryPoint","urlTemplate":"https:\/\/www.horendgoed.nl\/de\/?s={search_term_string}"},"query-input":{"@type":"PropertyValueSpecification","valueRequired":true,"valueName":"search_term_string"}}],"inLanguage":"de"},{"@type":"Organization","@id":"https:\/\/www.horendgoed.nl\/de\/#organization","name":"Horend Goed","url":"https:\/\/www.horendgoed.nl\/de\/","logo":{"@type":"ImageObject","inLanguage":"de","@id":"https:\/\/www.horendgoed.nl\/de\/#\/schema\/logo\/image\/","url":"https:\/\/www.horendgoed.nl\/wp-content\/uploads\/2021\/05\/Logo-groot-e1621862526979.png","contentUrl":"https:\/\/www.horendgoed.nl\/wp-content\/uploads\/2021\/05\/Logo-groot-e1621862526979.png","width":509,"height":100,"caption":"Horend Goed"},"image":{"@id":"https:\/\/www.horendgoed.nl\/de\/#\/schema\/logo\/image\/"},"sameAs":["https:\/\/www.facebook.com\/horendgoed","https:\/\/www.instagram.com\/horendgoed\/","https:\/\/www.linkedin.com\/company\/horend-goed\/","https:\/\/www.youtube.com\/@horendgoed"],"email":"info@horendgoed.nl","telephone":"075 20 25 203","vatID":"NL 853 756 193 B01"}]}</script>
<!-- / Yoast SEO Premium plugin. -->

Signia Styletto connect Charger - Ladegerät für Hörgeräte | Horend Goed Audiciens

Aufladen war noch nie so einfach wie mit dem Signia Styletto AX Ladegerät. Diese innovative Ladelösung kombiniert Stil und Funktionalität für ein müheloses Erlebnis mit Ihren Signia Styletto AX Hörgeräten. Schnelles und effizientes Laden Dank des Signia Styletto AX Ladegeräts müssen Sie Ihre Hörgeräte nie wieder mit neuen Batterien aufladen. Legen Sie sie einfach in &hellip;
